l) = -l**2 - 1. Let p(v) = v**2 + v + 2. Let g(a) = -2*k(a) - p(a). Calculate g(-1).
2
Let w(k) = k**3 - 29*k**2 - k + 25. Let f be w(29). Let u(c) = 2*c**3 + 4*c**2 - 6*c - 5. Calculate u(f).
-45
Let f be -3*(-5 + 6) - -2. Let p(h) = 9*h + 2. Calculate p(f).
-7
Let n(t) = 5*t - 4. Suppose -2*m - 5*m = -5*m. Let a be n(m). Let y(s) = s**2 + 2*s - 2. Calculate y(a).
6
Let a(n) = n**3 + 9*n**2 + 7*n - 10. Suppose 18*h = -170 + 26. Calculate a(h).
-2
Let b(k) = -7*k + 1. Let y be -7 - -1 - (2 - 2). Let x = -246 - -241. Let p(u) = 8*u - 2. Let f(t) = x*p(t) + y*b(t). Give f(-4).
-4
Let g be -2*(-1)/((-6)/(-33)). Suppose -13*u = -g*u. Let m(t) = 0*t + 2*t + 0*t - 6 + u*t. Give m(6).
6
Let k be (-6)/9 - (-15)/9. Suppose 0 = 3*s - 5*w - 41, 5*w = -3*s + k. Let o(i) = s - 3 + 0 + i - 2*i. Calculate o(-6).
10
Let f = 13 + -12. Let j be f*-1 + (19 - 23). Let q(w) = -w**3 + 6*w**2 + 3*w + 5. Let g(x) = 3*x**3 - 12*x**2 - 5*x - 11. Let v(d) = 2*g(d) + 5*q(d). Give v(j).
3
Let c = 21 + -30. Let f(z) = z**2 + 10*z + 7. Let w be f(c). Let t(q) be the second derivative of -q**5/20 - 2*q**3/3 - 3*q**2/2 - q. What is t(w)?
13
Let v(g) = 4*g + 1. Let i(y) = y**2 + y - 8. Let h be i(4). Suppose -s = -5*s - h. Calculate v(s).
-11
Let j(s) be the second derivative of 3*s**3/2 - s**2 - 2*s + 106. Calculate j(-2).
-20
Let m(v) = v**2 - v. Let u be m(-1). Let a be ((-1)/u)/(8/(-48)). Suppose x + 1 = 4*x - 2*q, -a*x - 3*q + 21 = 0. Let n(b) = b**2 - 5*b + 2. Calculate n(x).
-4
Let m(l) = -l**3 + 6*l**2 + 2*l - 9. Let s be m(6). Let y(f) = -f - s + f + f. Let z(u) = -222*u - 663. Let d be z(-3). Determine y(d).
0
Let b(g) = g + 5. Let m = -52 - -110. Let a = m + -16. Let d be (-3)/9 - a/9. Calculate b(d).
0
Let q be (-1)/((-2)/(12/3)). Let v(b) = b**2 + b**q - 5 - 3*b**2. Let m(t) = -t - 8. Let h be m(-8). Give v(h).
-5
Let v = -5 - -31. Let g = -30 + v. Let o(j) = -j - 8. Let d(s) = -2*s - 7. Let f(u) = -3*d(u) + 2*o(u). Give f(g).
-11
Suppose -30*m = -26*m - 84. Suppose 16*w = m*w. Let s(u) = 2*u**2 + 4*u + 2 + u**2 + u**3 + u**2 + w*u**2. Give s(-2).
2
Suppose 5*c - 2*i = 19 - 2, -2*i + 4 = 2*c. Let u(l) = l - 4. Determine u(c).
-1
Let f(n) = 6*n - 3. Let t be (5/1)/(-28 - -29). Determine f(t).
27
Let c(k) = k**2 + 7*k + 5. Let h be c(-6). Let o(j) = -j + 4. Let i(v) = v. Let z(y) = h*o(y) - 2*i(y). Determine z(-2).
-2
Suppose -4*f = 3*z - 21, -4*f = 5*z - 6*f - 35. Let n(r) = r - 5. Determine n(z).
2
Let m(z) = z**3 - 5*z**2 + 2*z - 7. Suppose -6 = -4*k + 2*k. Let h be ((-20)/7)/(18/(-63)). Suppose -k*d + h = -5. Calculate m(d).
3
Suppose -29*k + 26*k + 9 = 0. Let y(s) = 8*s - 15*s + 8*s - 4*s**2 - 1 + 3*s**k - 2*s**3. What is y(4)?
3
Let g(v) = -2 + 18*v**2 + 12*v**2 + 18*v**2 - 52*v**2 - v**3 + 3*v. Suppose -7 - 9 = 4*o. Calculate g(o).
-14
Let h(b) be the first derivative of -12 - 3*b + 1/3*b**3 - 9/2*b**2. Calculate h(9).
-3
Suppose 0 = -n + 347 - 343. Let u(d) = n*d - 2 - 3*d + 6*d - 5*d. What is u(-3)?
-8
Suppose 2*v + 15 = -3*b - 27, 5*v + 4*b + 119 = 0. Let p = 15 + v. Let o = -11 - p. Let q(a) = 2*a - 1. Calculate q(o).
1
Let q(r) = -2*r**3 - r**2 - r + 5. Let b(x) = -x**3 + 2*x**2 + x - 1. Let s(a) = b(a) - q(a). Give s(-3).
-12
Let a(t) = -t**3 - 3*t**2 - 4. Let u be (-14*2/4 - 1) + 4. Calculate a(u).
12
Suppose -86*j + 89*j = -12. Let a(g) = -3*g**2 + 3 + 6*g - 2*g - g**3 + 0. Calculate a(j).
3
Let k(r) = -4*r - 23. Suppose 2*f + 17 = i, -46*f - 3*i + 41 = -51*f. Calculate k(f).
17
Let q(t) = 3*t - 2. Suppose -3*i + 1 = 7. Let a(z) = 9*z**2 - 3*z + 9. Let l(x) = -4*x**2 + x - 4. Let r(p) = -6*a(p) - 14*l(p). Let h be r(i). Give q(h).
4
Let n = 50 - 61. Let t(p) = -p - 12. Determine t(n).
-1
Let g(b) = 2*b**3 + 13*b**2 + 3*b - 14. Let z = -753 + 747. Calculate g(z).
4
Suppose -t = 21 - 18. Let g(a) = -5*a + 2. Give g(t).
17
Let k be (5/(-5))/((-3)/213). Let t = -36 + k. Suppose 0 + t = -5*i. Let m(d) = d**3 + 6*d**2 - 7*d. Calculate m(i).
0
Let m(l) = 0 - 7*l**2 + 7*l + 2 - 2*l**2. Let w(p) = -14*p**2 + 11*p + 3. Let g(k) = -8*m(k) + 5*w(k). Suppose 42*s + 44 = -40. Determine g(s).
9
Let a(u) = u**2 - 5*u + 7. Let f be a(4). Let c(o) = 5*o. Determine c(f).
15
Suppose 2*b = -10, -2*b + 50 + 15 = 5*g. Suppose 3 = h + 4*f, 0*h = 5*h - 5*f - g. Let o(x) = -3*x**2 + 3*x - 4 + 2 + h - 8*x + x**3. Calculate o(4).
-3
Let k(c) be the second derivative of -c**5/60 - c**4/6 + c**3/2 - 6*c**2 - 14*c. Let a(q) be the first derivative of k(q). Determine a(-3).
6
Let o(b) = b**2 - 6*b. Let w be ((-35)/(-15))/(-1 - (-14)/12). Suppose w*k - 30 = 9*k. Calculate o(k).
0
Let i(w) be the third derivative of 0 + 39*w**2 + 1/8*w**4 + 1/2*w**3 + 0*w. Suppose 6*c - 2*c + 12 = 0. Determine i(c).
-6
Let r(d) = d**2 - 2*d + 10. Let l(h) = 14*h**2 + 97*h - 7. Let t be l(-7). Determine r(t).
10
Let z be (-1 - -1)*-1 - 0. Let b(y) = 3 + 13 - 14 - 1 + 14 + y. Determine b(z).
15
Let d(a) = a**3 - a**2 - a + 8. Suppose 5 = -4*l - 99. Let r = l + 25. Let n be (-7)/35 + r/(-5). Determine d(n).
8
Let r(z) = 5*z**3 + 8*z. Let u(x) = x**3 + x. Let j = -3 - -9. Let f(b) = j*u(b) - r(b). Give f(-2).
-4
Let s(p) = -5*p - 6 + 8*p + 5. Determine s(-1).
-4
Let f(x) = -3*x + 9939 - 9935 + 2*x. What is f(10)?
-6
Let a(k) be the first derivative of 7*k**3/3 - 8. Suppose 5*j = 3*f - 4, 1 = 5*j + 5*f - 19. Give a(j).
7
Let z(l) = -l - 3. Let n(b) = 31*b - 25. Let w be n(1). What is z(w)?
-9
Suppose s = -g + 3 + 3, 8 = 2*g. Let o(j) = 4*j**2 - 2*j - 6. Let m(l) = -3*l**2 + 3*l + 6. Let f(i) = s*o(i) + 3*m(i). What is f(5)?
6
Let a(u) = 4*u - u**3 - 4*u**2 + 2*u**3 + 2 + 0*u**2 - u. Determine a(3).
2
Let t(i) be the first derivative of -i**2 - 32*i - 556. Calculate t(-17).
2
Let w be (176/20)/2 - 4/10. Let n(d) = -d**3 + 5*d**2 - 3*d + 2. Give n(w).
6
Suppose 29 = 5*d - 21. Let y be d/35 + (-16)/7. Let q(c) = 2*c**2 - 2*c - 2. What is q(y)?
10
Let j(i) be the third derivative of 20*i**2 + 0*i + 0 + 1/30*i**5 - 1/3*i**3 + 1/8*i**4. Determine j(-3).
7
Let b(y) = 30*y**3 - y**2 + 1. Suppose -5*p + 177 - 182 = 0. Calculate b(p).
-30
Suppose c = d + 6, 5*d + 38 = 3*c - 2. Let k(p) = p**2 + 7*p - 26. What is k(d)?
18
Let r(q) = 2*q - 2*q + q**2 - 1 + 2*q**3. Let f be r(1). Let a(n) = -34*n + 39*n + 0 - 2. Determine a(f).
8
Let d(g) = -g. Let a(y) = -3*y + 2. Let b = 24 - 25. Let k(c) = b*a(c) + 2*d(c). Give k(2).
0
Let l(u) = 3*u**2 - 2 + 2*u + 2*u**3 + u**2 - 7*u**2 + 0*u**3 - 4*u**3. Let z(j) = -j**2 + 2*j - 3. Let s be z(2). What is l(s)?
19
Let w(z) = -25*z**2 - 13*z - 5. Let q = 5 + -7. Let p(j) = -6*j**2 - 3*j - 1. Suppose -57 + 39 = -2*o. Let s(k) = o*p(k) + q*w(k). Calculate s(1).
-4
Let t(o) = 5*o**2 - 4*o - 1. Let v(u) = 6*u**2 - 4*u. Let z(j) = -5*t(j) + 4*v(j). Calculate z(5).
0
Suppose 38*y - 29*y = -36. Let a(p) = -5*p - 1. Calculate a(y).
19
Let c be (-34)/12 - (-2)/(-12). Let g = c - -8. Suppose -a - g = -4. Let y(d) = -8*d**2 - 2*d - 1. Calculate y(a).
-7
Let q(o) be the second derivative of o**4/12 + o**3 + o**2/2 - o - 10. Let r = 46 - 52. What is q(r)?
1
Suppose -3 = -4*x - l, x + 0*l = -l - 3. Let j(q) = -q**2 + 6*q - 5. Determine j(x).
3
Let f(r) = -r. Suppose -2*u = 2*b + 10, 4*b + 18 = b - 4*u. Let n be f(b). Let i(g) = -18*g**n + 0*g + g + g + 19*g**2 + 2. What is i(-2)?
2
Suppose 4*x + 1 = -15. Let w(a) = -4*a - 3*a + 3*a. Let l(v) = 3*v + 1. Let m(f) = 5*l(f) + 4*w(f). What is m(x)?
9
Suppose -30 = -6*l + 12*l. Let z(n) = -n**3 - 5*n**2 + 5*n + 7. Calculate z(l).
-18
Let s(x) = -x**3 - 5*x**2 - 6*x - 8. Let g be s(-4). Suppose 0 = 2*y - g*y. Let v(m) be the second derivative of -m**3/6 - 3*m**2 - 11*m. Determine v(y).
-6
Let z(d) be the first derivative of 6 + 1/2*d**2 - 7*d. Let r = -2 - -7. What is z(r)?
-2
Suppose 6*a = 5*a. Suppose a = 7*o + 2*o + 45. Let v(f) = -f**2 - 5*f + 4. Calculate v(o).
4
Let d(w) = w**2 + 7 + 6*w - w + 3*w. Suppose -4*k - 8 = -2*k - y, 4*y = 4*k + 24. Let q be (-2 + 12/9)/(k/(-15)). What is d(q)?
-8
Let i(y) be the second derivative of -y**2 + 1/12*y**4 + 0 + 0*y**3 + y. Let m = -222 + 220. Determine i(m).
2
Let r(c) = -26 - 20*c - 7 + 32. Give r(-1).
19
Let s be -4 + 1 + (3 + 17)/5. Let v(r) = -5*r**2 + 4*r - 2. Determine v(s).
-3
Let u = -54 - -56. Let a(w) = 86*w**3 - 1 - 3*w + w**u + 2*w - 85*w**3. Give a(0).
-1
Let f(q) = -q**3 + q**2 + 3*q + 4. 